rue
Is 1684394969 a composite number?
True
Is 13729388747 a composite number?
True
Is 1156636631 a composite number?
False
Is 87863189497 a composite number?
False
Is 558775211 a composite number?
True
Is 21566776381 a composite number?
False
Is 534556303 prime?
False
Is 524771263 prime?
False
Is 13347881551 a composite number?
True
Is 8417327 composite?
False
Is 19003422923 a prime number?
False
Is 366958228947 a prime number?
False
Is 21752107163 a prime number?
True
Is 35503390451 a prime number?
False
Is 35482085607 a prime number?
False
Is 270738929 a prime number?
True
Is 261119933 composite?
False
Is 52231036549 a prime number?
True
Is 281407037 prime?
True
Is 1296298117 composite?
True
Is 3858071663 a composite number?
False
Is 133931367133 prime?
True
Is 7378132721 a composite number?
False
Is 1634155399 prime?
True
Is 45273424369 prime?
True
Is 6096181115 a composite number?
True
Is 907688743 a prime number?
False
Is 34159373987 composite?
False
Is 3582051533 composite?
True
Is 361244269 a composite number?
False
Is 500623567 a prime number?
False
Is 1797999869 a prime number?
True
Is 987705731 a composite number?
True
Is 448965031 prime?
False
Is 45267423833 prime?
False
Is 700700087 composite?
True
Is 325977481 composite?
False
Is 392651717 a composite number?
False
Is 907047701 prime?
False
Is 2566123711 prime?
False
Is 27106978331 composite?
False
Is 431853841 a prime number?
True
Is 23024385467 composite?
True
Is 208483579 a prime number?
True
Is 1042560677 a prime number?
False
Is 560702 prime?
False
Is 2373911333 a composite number?
False
Is 5978986843 a prime number?
False
Is 12501149719 a prime number?
True
Is 45324932027 a composite number?
True
Is 1086103219 composite?
True
Is 436260466 composite?
True
Is 321669209 prime?
True
Is 4982839333 a composite number?
True
Is 14858163287 a prime number?
False
Is 621973699 a prime number?
True
Is 20896038007 composite?
True
Is 1158382529 prime?
True
Is 767846149 a composite number?
True
Is 7447710619 composite?
False
Is 410731457 prime?
True
Is 29233228823 a composite number?
False
Is 161146723 prime?
False
Is 163269959 a composite number?
False
Is 1074096209 a composite number?
True
Is 1165235663 composite?
True
Is 931538053 prime?
False
Is 488471353 a prime number?
False
Is 12936701539 prime?
False
Is 36248319007 composite?
False
Is 165380387285 prime?
False
Is 491392697 a composite number?
False
Is 422873471 a prime number?
True
Is 14139100441 composite?
False
Is 6331588727 prime?
False
Is 46703616338 a prime number?
False
Is 6138416357 composite?
True
Is 1509294211 a composite number?
True
Is 182452129 a composite number?
True
Is 85058650967 composite?
False
Is 1241719657 prime?
True
Is 180969527 a composite number?
False
Is 8582981069 a prime number?
False
Is 5781842449 a composite number?
False
Is 284410531 prime?
False
Is 488640017 composite?
True
Is 3124115419 prime?
True
Is 1920584327 a composite number?
False
Is 15665974073 composite?
True
Is 3401912837 a composite number?
True
Is 227370961 composite?
False
Is 7242006917 composite?
False
Is 7459490393 composite?
True
Is 91936337 composite?
True
Is 465958967 a prime number?
False
Is 1261416007 a prime number?
False
Is 337395437 prime?
False
Is 13538076829 composite?
False
Is 900003329 composite?
True
Is 1060885487 composite?
False
Is 1620390667 composite?
True
Is 804481385 composite?
True
Is 39647194997 prime?
False
Is 2518923931 prime?
True
Is 4658435519 composite?
False
Is 335202247 prime?
True
Is 134686751 composite?
False
Is 1958651791 prime?
True
Is 641223823 composite?
True
Is 3861505693 a prime number?
True
Is 10113139147 composite?
False
Is 857769623 a composite number?
False
Is 43389098911 prime?
False
Is 17830775161 a composite number?
True
Is 43629567539 a composite number?
False
Is 486663011 prime?
False
Is 5562100751 composite?
False
Is 5153444866 composite?
True
Is 298310653 composite?
False
Is 52802309453 a composite number?
False
Is 527253359 composite?
True
Is 11037072209 a composite number?
False
Is 1104767921 a prime number?
True
Is 4508553451 composite?
False
Is 24310579793 composite?
True
Is 11344568909 a composite number?
True
Is 610273579 composite?
False
Is 2805027317 a composite number?
True
Is 10202034707 prime?
True
Is 75442696003 prime?
True
Is 102305606453 a composite number?
True
Is 1908787193 composite?
True
Is 100803799 a prime number?
False
Is 21884985911 prime?
True
Is 1920231017 prime?
False
Is 2038927813 a composite number?
True
Is 148950956071 a prime number?
False
Is 14522510465 prime?
False
Is 1507845646 a prime number?
False
Is 30591565685 a composite number?
True
Is 119141526187 a prime number?
True
Is 846346247 composite?
False
Is 1594205121 prime?
False
Is 1694078213 prime?
True
Is 213743821 composite?
False
Is 56664535451 composite?
False
Is 11418401921 prime?
False
Is 11170524635 a composite number?
True
Is 222027167 a composite number?
True
Is 67011071749 composite?
False
Is 1202121429 a prime number?
False
Is 111331574257 a composite number?
False
Is 302020447411 prime?
True
Is 35519695993 a composite number?
False
Is 11924120239 prime?
True
Is 13583159951 composite?
True
Is 1240341829 prime?
True
Is 796816976777 composite?
False
Is 38103437567 a composite number?
True
Is 12686683343 a prime number?
True
Is 5274060457 prime?
True
Is 375845501 a composite number?
False
Is 4518101191 prime?
False
Is 9691626991 a prime number?
False
Is 29316802399 a composite number?
False
Is 15810473 prime?
False
Is 82153781571 prime?
False
Is 180975083 a composite number?
True
Is 401753789 composite?
True
Is 9708979919 a composite number?
True
Is 60007123 prime?
False
Is 2429005967 a prime number?
True
Is 27590999069 prime?
False
Is 1502817181 prime?
False
Is 33678047993 composite?
False
Is 1696829623 a prime number?
False
Is 8254041967 a composite number?
True
Is 1139585137 composite?
False
Is 850535659 composite?
False
Is 5687263117 a composite number?
False
Is 1426194577 prime?
False
Is 12617060627 prime?
True
Is 74908223707 composite?
False
Is 164722079 composite?
False
Is 16037654539 a prime number?
False
Is 3536607653 composite?
False
Is 4308569547 a prime number?
False
Is 8734269697 prime?
False
Is 7902756181 a prime number?
True
Is 2441886989 a composite number?
False
Is 52682620597 composite?
True
Is 943626557 a composite number?
False
Is 446389403 a prime number?
False
Is 278407114883 a composite number?
False
Is 18096619 a composite number?
True
Is 6181885761 a composite number?
True
Is 17600503 a prime number?
True
Is 58344538697 a composite number?
True
Is 1058131889 prime?
False
Is 3077624387 prime?
True
Is 233694485 composite?
True
Is 376230467 a composite number?
True
Is 23533690577 prime?
True
Is 16892303941 composite?
True
Is 17857944739 composite?
False
Is 9185778163 a prime number?
True
Is 16135348823 a prime number?
False
Is 7831218731 prime?
False
Is 266955883 a composite number?
False
Is 207665473 a composite number?
False
Is 9401948891 composite?
False
Is 448660631 a composite number?
True
Is 124406159485 composite?
True
Is 68116757609 a composite number?
False
Is 326812966 a prime number?
False
Is 2100946049 composite?
True
Is 3259863511 prime?
False
Is 3383918779 a composite number?
False
Is 3850546379 a prime number?
True
Is 51427717049 prime?
False
Is 2730461843 a composite number?
True
Is 1910418743 prime?
False
Is 244137767 composite?
False
Is 3194476139 a prime number?
False
Is 4861528213 composite?
False
Is 21560948183 composite?
True
Is 99706277407 prime?
False
Is 13594912049 composite?
True
Is 14828933413 prime?
False
Is 118130343071 a composite number?
True
Is 706112807 composite?
False
Is 242115143 a composite number?
True
Is 17113984603 a prime number?
True
Is 12026664029 a composite number?
True
Is 11997769523 a composite number?
True
Is 203783351 a prime number?
True
Is 642537941 a prime number?
True
Is 4462800281 a prime number?
False
Is 123812489 prime?
False
Is 2905341679 prime?
True
Is 1388686759 a composite number?
False
Is 13891967437 a prime number?
True
Is 3786409577 a prime number?
True
Is 4943449297 prime?
True
Is 4546716611 a composite number?
False
Is 133515600677 a composite number?
False
Is 6701142781 a prime number?
False
Is 4182621629 